factors of 32829.
3, 31, 353
List the prime factors of 2759.
31, 89
List the prime factors of 1310.
2, 5, 131
List the prime factors of 12271.
7, 1753
What are the prime factors of 1570?
2, 5, 157
What are the prime factors of 38565?
3, 5, 857
What are the prime factors of 5726?
2, 7, 409
What are the prime factors of 1246?
2, 7, 89
List the prime factors of 350.
2, 5, 7
List the prime factors of 8125.
5, 13
List the prime factors of 130647.
3, 11, 37, 107
What are the prime factors of 20380?
2, 5, 1019
List the prime factors of 978.
2, 3, 163
What are the prime factors of 74379?
3, 24793
What are the prime factors of 2049?
3, 683
What are the prime factors of 2516?
2, 17, 37
List the prime factors of 34848.
2, 3, 11
What are the prime factors of 2553?
3, 23, 37
List the prime factors of 195224.
2, 23, 1061
What are the prime factors of 1398?
2, 3, 233
List the prime factors of 17853.
3, 11, 541
List the prime factors of 7840.
2, 5, 7
What are the prime factors of 16021?
37, 433
What are the prime factors of 425?
5, 17
List the prime factors of 1278.
2, 3, 71
List the prime factors of 2692.
2, 673
What are the prime factors of 37350?
2, 3, 5, 83
What are the prime factors of 5897?
5897
What are the prime factors of 6155?
5, 1231
List the prime factors of 69142.
2, 181, 191
What are the prime factors of 164?
2, 41
What are the prime factors of 9820?
2, 5, 491
List the prime factors of 724.
2, 181
List the prime factors of 6340.
2, 5, 317
What are the prime factors of 1225?
5, 7
List the prime factors of 5542.
2, 17, 163
List the prime factors of 28128.
2, 3, 293
What are the prime factors of 2849?
7, 11, 37
List the prime factors of 30176.
2, 23, 41
What are the prime factors of 2922?
2, 3, 487
What are the prime factors of 5728?
2, 179
What are the prime factors of 8358?
2, 3, 7, 199
What are the prime factors of 14583?
3, 4861
What are the prime factors of 11259?
3, 139
List the prime factors of 5861.
5861
List the prime factors of 38045.
5, 7, 1087
List the prime factors of 141590.
2, 5, 14159
What are the prime factors of 2306?
2, 1153
What are the prime factors of 7714?
2, 7, 19, 29
What are the prime factors of 122665?
5, 24533
What are the prime factors of 25408?
2, 397
What are the prime factors of 4504?
2, 563
List the prime factors of 293.
293
What are the prime factors of 13979?
7, 1997
List the prime factors of 116972.
2, 29243
List the prime factors of 403.
13, 31
What are the prime factors of 14492?
2, 3623
List the prime factors of 102513.
3, 34171
What are the prime factors of 8080?
2, 5, 101
List the prime factors of 15114.
2, 3, 11, 229
List the prime factors of 7334.
2, 19, 193
List the prime factors of 3373.
3373
List the prime factors of 1153.
1153
List the prime factors of 14889.
3, 7, 709
What are the prime factors of 2297?
2297
List the prime factors of 42563.
31, 1373
What are the prime factors of 1064?
2, 7, 19
What are the prime factors of 11736?
2, 3, 163
What are the prime factors of 820?
2, 5, 41
What are the prime factors of 6853?
7, 11, 89
What are the prime factors of 549?
3, 61
What are the prime factors of 3970?
2, 5, 397
What are the prime factors of 780?
2, 3, 5, 13
What are the prime factors of 679?
7, 97
List the prime factors of 19581.
3, 61, 107
List the prime factors of 17938.
2, 8969
List the prime factors of 61956.
2, 3, 1721
What are the prime factors of 1051?
1051
List the prime factors of 611.
13, 47
What are the prime factors of 57776?
2, 23, 157
List the prime factors of 10560.
2, 3, 5, 11
List the prime factors of 236.
2, 59
What are the prime factors of 5576?
2, 17, 41
What are the prime factors of 427?
7, 61
What are the prime factors of 2789?
2789
What are the prime factors of 10113?
3, 3371
List the prime factors of 562.
2, 281
What are the prime factors of 666?
2, 3, 37
What are the prime factors of 3280?
2, 5, 41
List the prime factors of 2147.
19, 113
What are the prime factors of 351?
3, 13
List the prime factors of 3504.
2, 3, 73
List the prime factors of 27352.
2, 13, 263
List the prime factors of 13653.
3, 37, 41
What are the prime factors of 41466?
2, 3, 6911
What are the prime factors of 26023?
53, 491
What are the prime factors of 10344?
2, 3, 431
What are the prime factors of 146?
2, 73
List the prime factors of 34005.
3, 5, 2267
List the prime factors of 5097.
3, 1699
What are the prime factors of 8858?
2, 43, 103
List the prime factors of 3337.
47, 71
List the prime factors of 10330.
2, 5, 1033
List the prime factors of 660.
2, 3, 5, 11
List the prime factors of 1771.
7, 11, 23
List the prime factors of 392.
2, 7
What are the prime factors of 383?
383
What are the prime factors of 12010?
2, 5, 1201
List the prime factors of 7980.
2, 3, 5, 7, 19
What are the prime factors of 69636?
2, 3, 7, 829
What are the prime factors of 5552?
2, 347
List the prime factors of 446.
2, 223
List the prime factors of 133169.
133169
What are the prime factors of 80?
2, 5
What are the prime factors of 24572?
2, 6143
List the prime factors of 38380.
2, 5, 19, 101
What are the prime factors of 1811?
1811
List the prime factors of 434.
2, 7, 31
List the prime factors of 65580.
2, 3, 5, 1093
What are the prime factors of 5768?
2, 7, 103
List the prime factors of 944.
2, 59
List the prime factors of 722.
2, 19
List the prime factors of 17996.
2, 11, 409
List the prime factors of 1063.
1063
What are the prime factors of 383?
383
What are the prime factors of 6917?
6917
What are the prime factors of 658?
2, 7, 47
List the prime factors of 11320.
2, 5, 283
What are the prime factors of 1144?
2, 11, 13
What are the prime factors of 1063?
1063
What are the prime factors of 1199?
11, 109
List the prime factors of 3924.
2, 3, 109
What are the prime factors of 4903?
4903
List the prime factors of 70408.
2, 13, 677
What are the prime factors of 74896?
2, 31, 151
List the prime factors of 5142.
2, 3, 857
What are the prime factors of 1546?
2, 773
List the prime factors of 4079.
4079
List the prime factors of 35210.
2, 5, 7, 503
List the prime factors of 16907.
11, 29, 53
What are the prime factors of 20599?
20599
List the prime factors of 76806.
2, 3, 17, 251
What are the prime factors of 28?
2, 7
What are the prime factors of 42628?
2, 10657
What are the prime factors of 6828?
2, 3, 569
What are the prime factors of 5819?
11, 23
What are the prime factors of 347?
347
What are the prime factors of 14300?
2, 5, 11, 13
List the prime factors of 3916.
2, 11, 89
List the prime factors of 8022.
2, 3, 7, 191
List the prime factors of 43082.
2, 13, 1657
List the prime factors of 5563.
5563
List the prime factors of 1551.
3, 11, 47
List the prime factors of 2833.
2833
What are the prime factors of 61362?
2, 3, 7, 487
List the prime factors of 35521.
35521
What are the prime factors of 384?
2, 3
What are the prime factors of 483?
3, 7, 23
What are the prime factors of 1479?
3, 17, 29
What are the prime factors of 46609?
127, 367
List the prime factors of 95376.
2, 3, 1987
List the prime factors of 787.
787
What are the prime factors of 1581?
3, 17, 31
What are the prime factors of 1559?
1559
What are the prime factors of 15857?
101, 157
What are the prime factors of 136334?
2, 11, 6197
List the prime factors of 1165.
5, 233
What are the prime factors of 2390?
2, 5, 239
What are the prime factors of 35925?
3, 5, 479
What are the prime factors of 3626?
2, 7, 37
List the prime factors of 81278.
2, 40639
What are the prime factors of 4291?
7, 613
List the prime factors of 869.
11, 79
What are the prime factors of 79894?
2, 43, 929
List the prime factors of 326.
2, 163
What are the prime factors of 5509?
7, 787
List the prime factors of 661.
661
What are the prime factors of 119273?
7, 11, 1549
What are the prime factors of 21982?
2, 29, 379
List the prime factors of 11684.
2, 23, 127
What are the prime factors of 5761?
7, 823
What are the prime factors of 51671?
163, 317
What are the prime factors of 1446?
2, 3, 241
What are the prime factors of 777?
3, 7, 37
What are the prime factors of 536?
2, 67
List the prime factors of 121234.
2, 60617
What are the prime factors of 1138?
2, 569
List the prime factors of 5875.
5, 47
What are the prime factors of 128760?
2, 3, 5, 29, 37
List the prime factors of 13621.
53, 257
What ar